{"id":2058,"date":"2023-10-08T20:22:38","date_gmt":"2023-10-08T23:22:38","guid":{"rendered":"https:\/\/colegionomelini.com.br\/2023\/?page_id=2058"},"modified":"2023-11-14T11:01:00","modified_gmt":"2023-11-14T14:01:00","slug":"nc-house","status":"publish","type":"page","link":"http:\/\/colegionomelini.com.br\/2023\/nc-house\/","title":{"rendered":"Nc House"},"content":{"rendered":"\t\t<div data-elementor-type=\"wp-page\" data-elementor-id=\"2058\" class=\"elementor elementor-2058\">\n\t\t\t\t\t\t\t\t\t<section class=\"elementor-section elementor-top-section elementor-element elementor-element-658645ba elementor-section-height-min-height elementor-section-content-middle elementor-section-boxed elementor-section-height-default elementor-section-items-middle wpr-particle-no wpr-jarallax-no wpr-parallax-no wpr-sticky-section-no\" data-id=\"658645ba\" data-element_type=\"section\" data-settings=\"{&quot;background_background&quot;:&quot;classic&quot;}\">\n\t\t\t\t\t\t\t<div class=\"elementor-background-overlay\"><\/div>\n\t\t\t\t\t\t\t<div class=\"elementor-container elementor-column-gap-default\">\n\t\t\t\t\t<div class=\"elementor-column elementor-col-100 elementor-top-column elementor-element elementor-element-1a3ec950\" data-id=\"1a3ec950\" data-element_type=\"column\">\n\t\t\t<div class=\"elementor-widget-wrap elementor-element-populated\">\n\t\t\t\t\t\t\t\t<div class=\"elementor-element elementor-element-3f40f081 elementor-widget elementor-widget-heading\" data-id=\"3f40f081\" data-element_type=\"widget\" data-widget_type=\"heading.default\">\n\t\t\t\t<div class=\"elementor-widget-container\">\n\t\t\t<style>\/*! elementor - v3.6.7 - 03-07-2022 *\/\n.elementor-heading-title{padding:0;margin:0;line-height:1}.elementor-widget-heading .elementor-heading-title[class*=elementor-size-]>a{color:inherit;font-size:inherit;line-height:inherit}.elementor-widget-heading .elementor-heading-title.elementor-size-small{font-size:15px}.elementor-widget-heading .elementor-heading-title.elementor-size-medium{font-size:19px}.elementor-widget-heading .elementor-heading-title.elementor-size-large{font-size:29px}.elementor-widget-heading .elementor-heading-title.elementor-size-xl{font-size:39px}.elementor-widget-heading .elementor-heading-title.elementor-size-xxl{font-size:59px}<\/style><h2 class=\"elementor-heading-title elementor-size-default\"><font style=\"vertical-align: inherit;\"><\/font>NC House<\/h2>\t\t<\/div>\n\t\t\t\t<\/div>\n\t\t\t\t\t<\/div>\n\t\t<\/div>\n\t\t\t\t\t\t\t<\/div>\n\t\t<\/section>\n\t\t\t\t<section class=\"elementor-section elementor-top-section elementor-element elementor-element-9585152 elementor-section-boxed elementor-section-height-default elementor-section-height-default wpr-particle-no wpr-jarallax-no wpr-parallax-no wpr-sticky-section-no\" data-id=\"9585152\" data-element_type=\"section\">\n\t\t\t\t\t\t<div class=\"elementor-container elementor-column-gap-default\">\n\t\t\t\t\t<div class=\"elementor-column elementor-col-100 elementor-top-column elementor-element elementor-element-e1041cb\" data-id=\"e1041cb\" data-element_type=\"column\">\n\t\t\t<div class=\"elementor-widget-wrap elementor-element-populated\">\n\t\t\t\t\t\t\t\t<section class=\"elementor-section elementor-inner-section elementor-element elementor-element-9f793ec elementor-section-boxed elementor-section-height-default elementor-section-height-default wpr-particle-no wpr-jarallax-no wpr-parallax-no wpr-sticky-section-no\" data-id=\"9f793ec\" data-element_type=\"section\">\n\t\t\t\t\t\t<div class=\"elementor-container elementor-column-gap-default\">\n\t\t\t\t\t<div class=\"elementor-column elementor-col-50 elementor-inner-column elementor-element elementor-element-80ba464\" data-id=\"80ba464\" data-element_type=\"column\">\n\t\t\t<div class=\"elementor-widget-wrap elementor-element-populated\">\n\t\t\t\t\t\t\t\t<div class=\"elementor-element elementor-element-b8d38ff elementor-widget elementor-widget-image\" data-id=\"b8d38ff\" data-element_type=\"widget\" data-widget_type=\"image.default\">\n\t\t\t\t<div class=\"elementor-widget-container\">\n\t\t\t<style>\/*! elementor - v3.6.7 - 03-07-2022 *\/\n.elementor-widget-image{text-align:center}.elementor-widget-image a{display:inline-block}.elementor-widget-image a img[src$=\".svg\"]{width:48px}.elementor-widget-image img{vertical-align:middle;display:inline-block}<\/style>\t\t\t\t\t\t\t\t\t\t\t\t<img loading=\"lazy\" decoding=\"async\" width=\"960\" height=\"540\" src=\"http:\/\/colegionomelini.com.br\/2023\/wp-content\/uploads\/2023\/10\/20-1024x576.jpg\" class=\"attachment-large size-large\" alt=\"\" srcset=\"http:\/\/colegionomelini.com.br\/2023\/wp-content\/uploads\/2023\/10\/20-1024x576.jpg 1024w, http:\/\/colegionomelini.com.br\/2023\/wp-content\/uploads\/2023\/10\/20-300x169.jpg 300w, http:\/\/colegionomelini.com.br\/2023\/wp-content\/uploads\/2023\/10\/20-768x432.jpg 768w, http:\/\/colegionomelini.com.br\/2023\/wp-content\/uploads\/2023\/10\/20-1536x864.jpg 1536w, http:\/\/colegionomelini.com.br\/2023\/wp-content\/uploads\/2023\/10\/20.jpg 1920w\" sizes=\"(max-width: 960px) 100vw, 960px\" \/>\t\t\t\t\t\t\t\t\t\t\t\t\t\t\t<\/div>\n\t\t\t\t<\/div>\n\t\t\t\t\t<\/div>\n\t\t<\/div>\n\t\t\t\t<div class=\"elementor-column elementor-col-50 elementor-inner-column elementor-element elementor-element-afce251\" data-id=\"afce251\" data-element_type=\"column\">\n\t\t\t<div class=\"elementor-widget-wrap elementor-element-populated\">\n\t\t\t\t\t\t\t\t<div class=\"elementor-element elementor-element-79877bc elementor-widget elementor-widget-text-editor\" data-id=\"79877bc\" data-element_type=\"widget\" data-widget_type=\"text-editor.default\">\n\t\t\t\t<div class=\"elementor-widget-container\">\n\t\t\t<style>\/*! elementor - v3.6.7 - 03-07-2022 *\/\n.elementor-widget-text-editor.elementor-drop-cap-view-stacked .elementor-drop-cap{background-color:#818a91;color:#fff}.elementor-widget-text-editor.elementor-drop-cap-view-framed .elementor-drop-cap{color:#818a91;border:3px solid;background-color:transparent}.elementor-widget-text-editor:not(.elementor-drop-cap-view-default) .elementor-drop-cap{margin-top:8px}.elementor-widget-text-editor:not(.elementor-drop-cap-view-default) .elementor-drop-cap-letter{width:1em;height:1em}.elementor-widget-text-editor .elementor-drop-cap{float:left;text-align:center;line-height:1;font-size:50px}.elementor-widget-text-editor .elementor-drop-cap-letter{display:inline-block}<\/style>\t\t\t\t<div class=\"page\" style=\"caret-color: #000000; color: #000000; letter-spacing: normal;\" title=\"Page 18\"><div class=\"section\"><div class=\"layoutArea\"><div class=\"column\"><div class=\"page\" title=\"Page 18\"><div class=\"section\"><div class=\"layoutArea\"><div class=\"column\"><p>A NC House, novo brac\u0327o bili\u0301ngue do Cole\u0301gio Nomelini Cirandinha, e\u0301 um projeto totalmente inovador que oferece a\u0300s fami\u0301lias a opc\u0327a\u0303o de <strong>uma escola forte academicamente e ao mesmo tempo bili\u0301ngue.<\/strong> Nesta proposta, o segundo idioma vem para agregar e na\u0303o para substituir.<\/p><p>Neste projeto, a <strong>esse\u0302ncia e DNA do Cole\u0301gio Nomelini Cirandinha e\u0301 fortemente presente<\/strong>, proporcionando um ambiente acolhedor e que propicie a aprendizagem de forma lu\u0301dica e prazerosa. Aspectos centrais e fundamentais da aprendizagem sera\u0303o preservados e estara\u0303o entrelac\u0327ados com novas te\u0301cnicas, tecnologias e abordagens educacionais.<\/p><p>O projeto trara\u0301 a imersa\u0303o em li\u0301ngua inglesa em um formato abrangente e intensivo (15 horas semanais) para que os <strong>alunos aprendam e pratiquem o idioma cercados de contextos reais, voltados exclusivamente a\u0300 aprendizagem significativa.<\/strong> O propo\u0301sito e\u0301 capacitar o aluno na\u0303o apenas a compreender os materiais que sera\u0303o ensinados, mas tambe\u0301m a internaliza\u0301-los de uma maneira que lhe permita utiliza\u0301-los de forma eficaz em diferentes contextos do seu cotidiano.\u00a0<\/p><\/div><\/div><\/div><\/div><\/div><\/div><\/div><\/div>\t\t\t\t\t\t<\/div>\n\t\t\t\t<\/div>\n\t\t\t\t\t<\/div>\n\t\t<\/div>\n\t\t\t\t\t\t\t<\/div>\n\t\t<\/section>\n\t\t\t\t\t<\/div>\n\t\t<\/div>\n\t\t\t\t\t\t\t<\/div>\n\t\t<\/section>\n\t\t\t\t<section class=\"elementor-section elementor-top-section elementor-element elementor-element-a1cafe5 elementor-section-boxed elementor-section-height-default elementor-section-height-default wpr-particle-no wpr-jarallax-no wpr-parallax-no wpr-sticky-section-no\" data-id=\"a1cafe5\" data-element_type=\"section\">\n\t\t\t\t\t\t<div class=\"elementor-container elementor-column-gap-default\">\n\t\t\t\t\t<div class=\"elementor-column elementor-col-66 elementor-top-column elementor-element elementor-element-530cdb0\" data-id=\"530cdb0\" data-element_type=\"column\">\n\t\t\t<div class=\"elementor-widget-wrap elementor-element-populated\">\n\t\t\t\t\t\t\t\t<div class=\"elementor-element elementor-element-371b23e elementor-widget elementor-widget-text-editor\" data-id=\"371b23e\" data-element_type=\"widget\" data-widget_type=\"text-editor.default\">\n\t\t\t\t<div class=\"elementor-widget-container\">\n\t\t\t\t\t\t\t<div class=\"page\" title=\"Page 19\">\n<div class=\"section\">\n<div class=\"layoutArea\">\n<div class=\"column\">\n<p>Por meio de uma cuidadosa curadoria de materiais, firmamos parceria com a<b> <\/b><strong>Oxford University Press<\/strong> e <strong>MacMillan Education<\/strong> para enriquecer a experie\u0302ncia educacional dos nossos alunos. Para tanto, as aulas sera\u0303o conduzidas por meio de me\u0301todos de ensino nos quais os estudantes sa\u0303o os protagonistas de todo o processo:<\/p>\n<\/div>\n<\/div>\n<\/div>\n<\/div>\t\t\t\t\t\t<\/div>\n\t\t\t\t<\/div>\n\t\t\t\t\t<\/div>\n\t\t<\/div>\n\t\t\t\t<div class=\"elementor-column elementor-col-33 elementor-top-column elementor-element elementor-element-728a554\" data-id=\"728a554\" data-element_type=\"column\">\n\t\t\t<div class=\"elementor-widget-wrap elementor-element-populated\">\n\t\t\t\t\t\t\t\t<div class=\"elementor-element elementor-element-2160a9f elementor-widget elementor-widget-image\" data-id=\"2160a9f\" data-element_type=\"widget\" data-widget_type=\"image.default\">\n\t\t\t\t<div class=\"elementor-widget-container\">\n\t\t\t\t\t\t\t\t\t\t\t\t<figure class=\"wp-caption\">\n\t\t\t\t\t\t\t\t\t\t<img decoding=\"async\" src=\"http:\/\/colegionomelini.com.br\/2023\/wp-content\/uploads\/2023\/10\/Fotos-site.png\" title=\"Fotos site\" alt=\"Fotos site\" \/>\t\t\t\t\t\t\t\t\t\t\t<figcaption class=\"widget-image-caption wp-caption-text\"><\/figcaption>\n\t\t\t\t\t\t\t\t\t\t<\/figure>\n\t\t\t\t\t\t\t\t\t<\/div>\n\t\t\t\t<\/div>\n\t\t\t\t\t<\/div>\n\t\t<\/div>\n\t\t\t\t\t\t\t<\/div>\n\t\t<\/section>\n\t\t\t\t<section class=\"elementor-section elementor-top-section elementor-element elementor-element-b6b0b4c elementor-section-boxed elementor-section-height-default elementor-section-height-default wpr-particle-no wpr-jarallax-no wpr-parallax-no wpr-sticky-section-no\" data-id=\"b6b0b4c\" data-element_type=\"section\">\n\t\t\t\t\t\t<div class=\"elementor-container elementor-column-gap-default\">\n\t\t\t\t\t<div class=\"elementor-column elementor-col-33 elementor-top-column elementor-element elementor-element-c46365d\" data-id=\"c46365d\" data-element_type=\"column\">\n\t\t\t<div class=\"elementor-widget-wrap elementor-element-populated\">\n\t\t\t\t\t\t\t\t<div class=\"elementor-element elementor-element-855e960 elementor-widget elementor-widget-heading\" data-id=\"855e960\" data-element_type=\"widget\" data-widget_type=\"heading.default\">\n\t\t\t\t<div class=\"elementor-widget-container\">\n\t\t\t<h2 class=\"elementor-heading-title elementor-size-default\">New Way of Thinking<\/h2>\t\t<\/div>\n\t\t\t\t<\/div>\n\t\t\t\t<div class=\"elementor-element elementor-element-357a4ea elementor-widget elementor-widget-text-editor\" data-id=\"357a4ea\" data-element_type=\"widget\" data-widget_type=\"text-editor.default\">\n\t\t\t\t<div class=\"elementor-widget-container\">\n\t\t\t\t\t\t\t<p><span style=\"caret-color: #444444; color: #444444; font-family: 'Open Sans', sans-serif; font-size: 14px; letter-spacing: 0.2px; text-align: justify;\"><strong>PBL:<\/strong> O PBL envolve alunos trabalhando em projetos do mundo real para obter uma compreensa\u0303o mais profunda do assunto. Ha\u0301 o fomento do pensamento cri\u0301tico, colaborac\u0327a\u0303o e habilidades de resoluc\u0327a\u0303o de problemas.<\/span><\/p>\t\t\t\t\t\t<\/div>\n\t\t\t\t<\/div>\n\t\t\t\t\t<\/div>\n\t\t<\/div>\n\t\t\t\t<div class=\"elementor-column elementor-col-33 elementor-top-column elementor-element elementor-element-6fae620\" data-id=\"6fae620\" data-element_type=\"column\">\n\t\t\t<div class=\"elementor-widget-wrap elementor-element-populated\">\n\t\t\t\t\t\t\t\t<div class=\"elementor-element elementor-element-8b054b9 elementor-widget elementor-widget-heading\" data-id=\"8b054b9\" data-element_type=\"widget\" data-widget_type=\"heading.default\">\n\t\t\t\t<div class=\"elementor-widget-container\">\n\t\t\t<h2 class=\"elementor-heading-title elementor-size-default\">New Way Of Acting<\/h2>\t\t<\/div>\n\t\t\t\t<\/div>\n\t\t\t\t<div class=\"elementor-element elementor-element-7224740 elementor-widget elementor-widget-text-editor\" data-id=\"7224740\" data-element_type=\"widget\" data-widget_type=\"text-editor.default\">\n\t\t\t\t<div class=\"elementor-widget-container\">\n\t\t\t\t\t\t\t<div class=\"page\" title=\"Page 19\"><div class=\"section\"><div class=\"layoutArea\"><div class=\"column\"><p><span style=\"caret-color: #444444; color: #444444; font-family: 'Open Sans', sans-serif; font-size: 14px; letter-spacing: 0.2px; text-align: justify;\"><strong>Design Thinking:<\/strong> Esse me\u0301todo enfatiza a empatia, a resoluc\u0327a\u0303o de problemas e o pensamento iterativo (repetic\u0327a\u0303o &#8211; acu\u0301mulo de experie\u0302ncias). Os alunos resolvem problemas do mundo real usando um processo de design estruturado.<\/span><\/p><\/div><\/div><\/div><\/div>\t\t\t\t\t\t<\/div>\n\t\t\t\t<\/div>\n\t\t\t\t\t<\/div>\n\t\t<\/div>\n\t\t\t\t<div class=\"elementor-column elementor-col-33 elementor-top-column elementor-element elementor-element-bc1ecba\" data-id=\"bc1ecba\" data-element_type=\"column\">\n\t\t\t<div class=\"elementor-widget-wrap elementor-element-populated\">\n\t\t\t\t\t\t\t\t<div class=\"elementor-element elementor-element-b6e5bad elementor-widget elementor-widget-heading\" data-id=\"b6e5bad\" data-element_type=\"widget\" data-widget_type=\"heading.default\">\n\t\t\t\t<div class=\"elementor-widget-container\">\n\t\t\t<h2 class=\"elementor-heading-title elementor-size-default\">New Way of Doing<\/h2>\t\t<\/div>\n\t\t\t\t<\/div>\n\t\t\t\t<div class=\"elementor-element elementor-element-6095b78 elementor-widget elementor-widget-text-editor\" data-id=\"6095b78\" data-element_type=\"widget\" data-widget_type=\"text-editor.default\">\n\t\t\t\t<div class=\"elementor-widget-container\">\n\t\t\t\t\t\t\t<p style=\"text-align: left;\"><span style=\"caret-color: #444444; color: #444444; font-family: 'Open Sans', sans-serif; font-size: 14px; letter-spacing: 0.2px; text-align: justify;\"><strong>Hands On!:<\/strong> O envolvimento com atividades pr\u00e1ticas, prototipagem e experimenta\u00e7\u00e3o \u00e9 a abordagem que torna o processo de aprendizagem fascinante e tang\u00edvel. A metodologia Hands-on, m\u00e3os na massa, \u00e9 contemplada em todas as opera\u00e7\u00f5es, pois a aquisi\u00e7\u00e3o de conhecimento acontece por meio do fazer: interagindo com o assunto para resolver um problema ou criar algo.<\/span><\/p>\t\t\t\t\t\t<\/div>\n\t\t\t\t<\/div>\n\t\t\t\t\t<\/div>\n\t\t<\/div>\n\t\t\t\t\t\t\t<\/div>\n\t\t<\/section>\n\t\t\t\t<section class=\"elementor-section elementor-top-section elementor-element elementor-element-b3f8b9d elementor-section-boxed elementor-section-height-default elementor-section-height-default wpr-particle-no wpr-jarallax-no wpr-parallax-no wpr-sticky-section-no\" data-id=\"b3f8b9d\" data-element_type=\"section\">\n\t\t\t\t\t\t<div class=\"elementor-container elementor-column-gap-default\">\n\t\t\t\t\t<div class=\"elementor-column elementor-col-100 elementor-top-column elementor-element elementor-element-06b152f\" data-id=\"06b152f\" data-element_type=\"column\">\n\t\t\t<div class=\"elementor-widget-wrap\">\n\t\t\t\t\t\t\t\t\t<\/div>\n\t\t<\/div>\n\t\t\t\t\t\t\t<\/div>\n\t\t<\/section>\n\t\t\t\t\t\t\t<\/div>\n\t\t","protected":false},"excerpt":{"rendered":"<p>NC House A NC House, novo brac\u0327o bili\u0301ngue do Cole\u0301gio Nomelini Cirandinha, e\u0301 um projeto totalmente inovador que oferece a\u0300s fami\u0301lias a opc\u0327a\u0303o de uma escola forte academicamente e ao mesmo tempo bili\u0301ngue. Nesta proposta, o segundo idioma vem para agregar e na\u0303o para substituir. Neste projeto, a esse\u0302ncia e DNA do Cole\u0301gio Nomelini Cirandinha [&hellip;]<\/p>\n","protected":false},"author":1,"featured_media":0,"parent":0,"menu_order":0,"comment_status":"closed","ping_status":"closed","template":"elementor_canvas","meta":{"footnotes":""},"_links":{"self":[{"href":"http:\/\/colegionomelini.com.br\/2023\/wp-json\/wp\/v2\/pages\/2058"}],"collection":[{"href":"http:\/\/colegionomelini.com.br\/2023\/wp-json\/wp\/v2\/pages"}],"about":[{"href":"http:\/\/colegionomelini.com.br\/2023\/wp-json\/wp\/v2\/types\/page"}],"author":[{"embeddable":true,"href":"http:\/\/colegionomelini.com.br\/2023\/wp-json\/wp\/v2\/users\/1"}],"replies":[{"embeddable":true,"href":"http:\/\/colegionomelini.com.br\/2023\/wp-json\/wp\/v2\/comments?post=2058"}],"version-history":[{"count":14,"href":"http:\/\/colegionomelini.com.br\/2023\/wp-json\/wp\/v2\/pages\/2058\/revisions"}],"predecessor-version":[{"id":2085,"href":"http:\/\/colegionomelini.com.br\/2023\/wp-json\/wp\/v2\/pages\/2058\/revisions\/2085"}],"wp:attachment":[{"href":"http:\/\/colegionomelini.com.br\/2023\/wp-json\/wp\/v2\/media?parent=2058"}],"curies":[{"name":"wp","href":"https:\/\/api.w.org\/{rel}","templated":true}]}}